ctors of k.
3
Let f be (-32)/(-40)*30/4. Let a = 25 - f. List the prime factors of a.
19
Let i = -66 + 61. Let a(l) = 4*l - 7. Let c be a(5). What are the prime factors of 4/(-6)*(i - c)?
2, 3
Let s(t) = -3 + 3*t + 0*t + 3 - 2. Let u be s(2). Suppose u*f + 10 = 50. What are the prime factors of f?
2, 5
Let l = -7 + 10. Suppose 3*g + 60 = 3*y, l*y - 57 = g + g. List the prime factors of y.
17
Let v(m) = m**2 - m + 60. Let o be v(0). Suppose -c = -5*c + o. List the prime factors of c.
3, 5
What are the prime factors of 1/3 + 320/12?
3
Let c(w) = -w**2 - 3*w - 3. Let y be c(-2). Let u be (y - -4)*52/12. Let s = u - -2. What are the prime factors of s?
3, 5
What are the prime factors of 21/(-105) - 592/(-10)?
59
Let v = 8 + -4. Let d(p) = 2*p + 5. List the prime factors of d(v).
13
Let p(c) = 2*c**2 - 12*c + 1. List the prime factors of p(8).
3, 11
Let j(q) = q - 2. Let f be j(4). Let v = 6 - f. Let k(p) = p**2 - 3*p - 1. What are the prime factors of k(v)?
3
Let x(b) = 2*b**2 + b**3 + 0*b + 1 + 4*b - 8*b. Let r be x(-3). Let f(p) = p**2 - 4*p + 6. List the prime factors of f(r).
2, 3
Suppose -5*v - 31 = -2*r, 5*r - 22 = 4*v + 13. Suppose -7*k + 72 = -r*k - 3*o, 0 = -5*k - 4*o + 59. List the prime factors of k.
3, 5
Suppose 12*l - 2*l - 1000 = 0. What are the prime factors of l?
2, 5
Suppose 3*m = 27 + 72. List the prime factors of m.
3, 11
Let p(r) = 3*r - 69. Let i(c) = -2*c + 46. Let o(b) = -7*i(b) - 5*p(b). What are the prime factors of o(12)?
11
Let x(u) = 8*u - 17. What are the prime factors of x(8)?
47
Let u = -4 - -8. Suppose 7 = -u*t - 21. Let z(y) = -y**2 - 8*y + 5. What are the prime factors of z(t)?
2, 3
Let y = -30 + 18. Let j = y - 4. Let s = j - -27. What are the prime factors of s?
11
Let j be (-26)/(-6) + 1/(-3). Suppose 8*u - 20 = j*p + 4*u, -u - 13 = 2*p. Let f = p + 16. List the prime factors of f.
2, 5
Let x = 292 + -180. List the prime factors of x.
2, 7
What are the prime factors of -3*(-4)/(-6) + 59?
3, 19
Let b = -4 - -4. Suppose k - 5*k + 80 = b. List the prime factors of k.
2, 5
Suppose o + n - 25 = 18, 0 = o - 3*n - 63. What are the prime factors of o?
2, 3
Let k(g) be the first derivative of g**3/3 + 1. Let l = -6 + 3. What are the prime factors of k(l)?
3
Let z = 2 + -11. Let x(o) = 3*o + 6. Let b(w) = -w + 1. Let s(p) = -b(p) - x(p). List the prime factors of s(z).
11
Let w(r) = -r**3 + 14*r**2 - 10*r + 18. List the prime factors of w(13).
3, 19
Let f(x) = 7*x**3 + 3*x**2 - 4*x + 3. What are the prime factors of f(2)?
3, 7
Let a(k) = -k**2 + 8*k - 6. Let w be a(5). Let o = w - 5. Suppose 30 = n + o*n. List the prime factors of n.
2, 3
Suppose 2*a + 15 = 3*w - 0*w, w - 5 = -3*a. List the prime factors of w.
5
Let i(t) = -4*t - 5. Let r = 7 + -10. Let o be (9/r + 2)*4. What are the prime factors of i(o)?
11
Let b = 27 - -22. What are the prime factors of b?
7
Suppose 35*s + 132 = 37*s. List the prime factors of s.
2, 3, 11
Let v be (-2)/3 - (-2)/3. Suppose 4*f + 2*s - 14 = 22, v = 5*s + 10. What are the prime factors of f?
2, 5
Suppose -4*y = -3 - 5. Let m = -10 + 6. Let j = y - m. List the prime factors of j.
2, 3
Let s(j) = j**2 + 3*j + 4. Let w be s(-3). Suppose w*y - 16 = -0*y. What are the prime factors of y?
2
Let t = 7 - 0. Let k = t + 28. What are the prime factors of k?
5, 7
Let x(b) = 0 + 4*b + 6 - 3 + 3*b**2. What are the prime factors of x(-2)?
7
Suppose 7*y - 60 = 4*y. List the prime factors of y.
2, 5
Suppose -2*r - 2*r = 0, 0 = -q + 3*r + 2. What are the prime factors of 41/(-3)*-3 + q?
43
Let m(v) = -v**3 - 11*v**2 - 4*v. List the prime factors of m(-11).
2, 11
Suppose -6*l + 16 = -4*l. Suppose -l*c + 4*c + 92 = 0. What are the prime factors of c?
23
Suppose 29 = -5*r + 89. List the prime factors of r.
2, 3
Let d = -7 - -12. What are the prime factors of d?
5
Suppose 7 = 5*x - 3. Suppose 3*s - x*b - 2 = 4, -5*s = 4*b - 10. List the prime factors of s.
2
Let x be (8/(-10))/(2/45). Let j = -67 - -39. Let b = x - j. List the prime factors of b.
2, 5
Let m = 267 + -148. What are the prime factors of m?
7, 17
Suppose s - n - 7 = 0, 4*s + 1 = -5*n - 7. Suppose -s*u = -4 - 2. Suppose -w = u*w - 48. List the prime factors of w.
2
Suppose 4 = -g + 3*g. Let s = 1 + g. List the prime factors of (0/s + -3)/(-1).
3
Let t be (1*20/15)/(2/(-6)). Suppose x + 3*x = -24. Let q = t - x. What are the prime factors of q?
2
Suppose -5*f + 96 = l - 199, 4*l - 3*f - 1088 = 0. List the prime factors of l.
5, 11
Suppose -4*f + 136 = 5*m, -5*f = 5*m - 0*m - 135. What are the prime factors of m?
2, 7
Let n be (-2)/(-2 - 46/(-24)). Suppose 0*y - n = -4*y. List the prime factors of y.
2, 3
Let l be -1 + (-4)/6*-30. Suppose -4*h + l = -1. List the prime factors of h.
5
Let m(v) = -11*v + 8. What are the prime factors of m(-4)?
2, 13
Suppose -x + 7 = 3*a - 114, -2*x + 232 = 4*a. Let v = -72 + x. List the prime factors of v.
2, 17
Let s(q) = -2*q + q - 2*q - 2*q. List the prime factors of s(-1).
5
Let z be -1*1 + (-3 - 4). Let v = z - -31. List the prime factors of v.
23
Let j = -10 + 15. What are the prime factors of 5/((-1)/(3 - j))?
2, 5
Suppose -115 = -2*a + 183. Suppose -3*o - 62 = -a. Suppose 3*n - m = o, 11 = 4*n + m - 30. What are the prime factors of n?
2, 5
Let a(f) = 9*f**2 + 8*f**2 - 11*f**2 + 7*f**2. What are the prime factors of a(-1)?
13
Suppose 3*a + 0*a = 9. Suppose a*x - 5 = 4. List the prime factors of x.
3
Let d be (-6)/21 + (-468)/(-21). Suppose -2*w = -0*w - d. Let s = 27 - w. List the prime factors of s.
2
What are the prime factors of ((-4)/(-1))/(-1*8/(-60))?
2, 3, 5
Let f = 5 - 1. Suppose c - 3*u = 11, 4*c - 3*u = -7*u - f. Suppose -7 + 1 = -c*g. List the prime factors of g.
3
Let z = 6 + -2. What are the prime factors of z?
2
Let n(x) = -x**3 - 7*x**2 - 8*x - 4. Let j = -28 - -19. Let d = j - -3. What are the prime factors of n(d)?
2
Let b(t) be the second derivative of t**4/12 + t**3/2 - 5*t**2/2 - 2*t. List the prime factors of b(-6).
13
Let d be ((-4)/3)/(3/81). Let w = d + 64. Let x = w + -17. What are the prime factors of x?
11
Let s(z) = -z**3 + 8*z**2 + 11*z + 12. Let f be s(9). Let p = f - 7. List the prime factors of p.
23
Let f be (1*-1)/(4/(-8)). Suppose 3*v = f*v. Suppose v = -5*c - 5*h + 40, -c + 4 + 4 = -2*h. What are the prime factors of c?
2
Suppose 6*i + w - 8 = i, 3*w = -4*i + 2. Let j(h) = 65*h**2 + 2*h - 1. Let m be j(1). Suppose -5*z + m = i*n, 4*z - 64 = 2*n + 2*n. List the prime factors of z.
2, 7
Let t(m) = -13*m. Let l be ((-1)/2)/((-6)/(-24)). List the prime factors of t(l).
2, 13
Let k = -9 - -5. What are the prime factors of 0 - (-2)/(k/(-10))?
5
Let d = -8 - -15. Let n = d + -3. Let m = -2 + n. List the prime factors of m.
2
List the prime factors of 2/(-16)*-4*98.
7
Let v = -25 + 50. Suppose 25 = 3*a - 0*a + 2*w, 4*w - v = -a. List the prime factors of a.
5
Let a(i) = 4 + 0*i - 1 - i + 14. What are the prime factors of a(0)?
17
Let b be (-1 - 0) + 0 + -2. Let g(m) = -m**3 - 5*m**2 - 4*m + 1. Let x be g(b). Let r(a) = -2*a - 2. List the prime factors of r(x).
2
Let x = -28 - -39. What are the prime factors of x?
11
Let c(u) = -15*u - 15. What are the prime factors of c(-8)?
3, 5, 7
Let t = -2 + -3. List the prime factors of (-7)/(-35) + (-189)/t.
2, 19
Suppose 0*d = d - 65. What are the prime factors of d?
5, 13
Let d be 3*(8/(-12) - 1). Let c(f) = f - 4. Let i be c(-4). Let o = d - i. What are the prime factors of o?
3
Suppose -45 = 5*o - 15. Let q = -8 - o. Let t = q - -4. List the prime factors of t.
2
Suppose -4*z = 0, 0*i = i - 2*z - 2. Suppose v - 2*x = 3, -3*v - i*x + 19 = -2*v. List the prime factors of v.
11
List the prime factors of 262*1*(14/4 + -3).
131
Let x = -3 + 7. Suppose -4*o + x*h = 28, -3*o = -0*h - 5*h + 29. Let f = 5 + o. List the prime factors of f.
2
Suppose u - 2*j = 1, 5*u + 3*j - 7*j - 17 = 0. Let b be (1 - 2 - -3) + 1. Suppose -y = 5*z + b, u*y - 4*z - 9 = 5. What are the prime factors of y?
2
Suppose 0 = 3*u - 3*k - 51, -5*u + 2*k = -87 + 8. List the prime factors of u.
3, 5
Let w(m) = 46*m**2 - 8*m + 2. List the prime factors of w(2).
2, 5, 17
Suppose -1 = -b + 1. List the prime factors of b/4*0 + 33.
3, 11
Let i = 0 - -1. List the prime factors of (-2)/((3/(-9))/i).
2, 3
Let f(z) = z**2 - 7*z. Let s be f(7). Suppose s = 3*m - 1 - 161. Suppose t 